e prime factors of 542387702.
2, 23, 11791037
What are the prime factors of 6215948461?
1433, 4337717
What are the prime factors of 2486199589?
4583, 542483
List the prime factors of 26498291.
17, 389, 4007
List the prime factors of 69045397.
47, 137, 10723
What are the prime factors of 38038255?
5, 1697, 4483
List the prime factors of 60873170.
2, 5, 167, 36451
What are the prime factors of 41811090?
2, 3, 5, 241, 5783
List the prime factors of 149355452.
2, 29, 179, 7193
List the prime factors of 48779893.
79, 617467
List the prime factors of 175985529.
3, 58661843
List the prime factors of 4512252298.
2, 197, 433, 26449
List the prime factors of 37286127.
3, 4142903
What are the prime factors of 399432762?
2, 3, 43, 172021
What are the prime factors of 28754338?
2, 1429, 10061
List the prime factors of 134260850.
2, 5, 2685217
List the prime factors of 1345199653.
7, 192171379
List the prime factors of 68656143.
3, 47, 486923
List the prime factors of 101722986.
2, 3, 1883759
List the prime factors of 1229130947.
11, 10158107
List the prime factors of 783588880.
2, 5, 19, 515519
List the prime factors of 244947108.
2, 3, 7, 29, 193, 521
List the prime factors of 216665214.
2, 3, 97, 372277
What are the prime factors of 135241841?
7, 157, 123059
What are the prime factors of 2256198625?
5, 2713, 6653
What are the prime factors of 8208182574?
2, 3, 653, 232777
What are the prime factors of 53761938?
2, 3, 8960323
List the prime factors of 1121934644.
2, 280483661
List the prime factors of 175652513.
7541, 23293
List the prime factors of 554045786.
2, 7, 107, 577, 641
List the prime factors of 732476070.
2, 3, 5, 41, 198503
List the prime factors of 258224098.
2, 11, 19, 617761
What are the prime factors of 2838804236?
2, 18517, 38327
List the prime factors of 1560942269.
43, 199, 182417
List the prime factors of 86303198.
2, 71, 607769
What are the prime factors of 1927601661?
3, 17, 19, 839, 2371
List the prime factors of 113996943.
3, 491, 8599
List the prime factors of 2542704649.
223, 11402263
List the prime factors of 163409729.
7, 17, 1373191
What are the prime factors of 124758758?
2, 7219, 8641
List the prime factors of 3991961320.
2, 5, 167, 597599
List the prime factors of 109427166.
2, 3, 79, 113, 227
List the prime factors of 1532680566.
2, 3, 29, 821, 10729
What are the prime factors of 56439300?
2, 3, 5, 419, 449
What are the prime factors of 192722505?
3, 5, 31, 414457
What are the prime factors of 180176468?
2, 19, 41, 53, 1091
List the prime factors of 32931952.
2, 23, 109, 821
List the prime factors of 31919666.
2, 1873, 8521
What are the prime factors of 284995565?
5, 17, 3352889
List the prime factors of 2715358.
2, 1357679
List the prime factors of 396612964.
2, 11, 557, 16183
List the prime factors of 205044817.
205044817
List the prime factors of 2518479005.
5, 7, 71956543
List the prime factors of 853777188.
2, 3, 11, 193, 11171
List the prime factors of 44338965.
3, 5, 11, 268721
List the prime factors of 1352940557.
37, 3593, 10177
List the prime factors of 31325442.
2, 3, 5220907
What are the prime factors of 1105825651?
7, 29, 5447417
List the prime factors of 111355203.
3, 37118401
List the prime factors of 439120167.
3, 2267, 64567
What are the prime factors of 2382627090?
2, 3, 5, 59, 1346117
List the prime factors of 166368090.
2, 3, 5, 7, 792229
List the prime factors of 390623264.
2, 953, 12809
List the prime factors of 21448336.
2, 7, 13, 14731
What are the prime factors of 834216078?
2, 3, 17, 53, 154313
List the prime factors of 5603217499.
11, 6599, 77191
List the prime factors of 804507004.
2, 7, 1619, 17747
List the prime factors of 106973401.
17, 19, 37, 8951
What are the prime factors of 111191377?
11, 181, 5077
What are the prime factors of 185654137?
23, 71, 4943
What are the prime factors of 948301823?
7, 37, 157, 23321
What are the prime factors of 106307904?
2, 3, 553687
List the prime factors of 3620858850.
2, 3, 5, 7, 37, 47, 661
What are the prime factors of 197717765?
5, 7, 5649079
List the prime factors of 6776515037.
47, 144181171
List the prime factors of 22639371.
3, 43, 175499
List the prime factors of 4270010832.
2, 3, 29652853
List the prime factors of 1409243694.
2, 3, 31, 227, 33377
List the prime factors of 1854897719.
2179, 851261
What are the prime factors of 3828503959?
7, 546929137
List the prime factors of 54589864.
2, 7, 974819
List the prime factors of 381701277.
3, 29, 1462457
List the prime factors of 81989090.
2, 5, 29, 9749
What are the prime factors of 126875803?
8641, 14683
List the prime factors of 56256953.
56256953
What are the prime factors of 204100226?
2, 11, 47, 197389
List the prime factors of 3548448064.
2, 7, 43, 167, 1103
List the prime factors of 109777141.
137, 801293
List the prime factors of 3864021032.
2, 19, 857, 29663
List the prime factors of 154570695.
3, 5, 23, 448031
What are the prime factors of 556036531?
593, 937667
List the prime factors of 220572692.
2, 47, 1173259
What are the prime factors of 270832132?
2, 283, 239251
List the prime factors of 28982665.
5, 1783, 3251
What are the prime factors of 9884058?
2, 3, 283, 5821
List the prime factors of 453999233.
131, 223, 15541
List the prime factors of 306747706.
2, 101, 1518553
What are the prime factors of 71912615?
5, 149, 96527
List the prime factors of 249587577.
3, 27731953
List the prime factors of 327609498.
2, 3, 67, 814949
List the prime factors of 20442216.
2, 3, 23, 29, 1277
What are the prime factors of 105885390?
2, 3, 5, 13, 271501
What are the prime factors of 1829410343?
1829410343
List the prime factors of 1031382887.
1031382887
List the prime factors of 56494828.
2, 13, 19, 211, 271
List the prime factors of 12859678.
2, 13, 97, 5099
List the prime factors of 58673571.
3, 11, 311, 5717
List the prime factors of 174673330.
2, 5, 13, 103357
List the prime factors of 9754311.
3, 7, 17, 89, 307
What are the prime factors of 21738312?
2, 3, 23, 13127
What are the prime factors of 664105372?
2, 7, 41, 578489
List the prime factors of 84654788.
2, 43, 677, 727
List the prime factors of 88257537.
3, 101, 151, 643
List the prime factors of 383447760.
2, 3, 5, 1597699
List the prime factors of 257156349.
3, 85718783
List the prime factors of 45935745.
3, 5, 61, 823
What are the prime factors of 44611296?
2, 3, 43, 101, 107
List the prime factors of 19456976.
2, 7, 11, 17, 929
What are the prime factors of 728423392?
2, 29, 784939
What are the prime factors of 2236430533?
521, 4292573
List the prime factors of 193421940.
2, 3, 5, 37, 151, 577
List the prime factors of 3871926896.
2, 233, 421, 2467
What are the prime factors of 84382065?
3, 5, 211, 8887
List the prime factors of 663963787.
29, 137, 167119
What are the prime factors of 131852236?
2, 32963059
What are the prime factors of 29776469?
17, 1751557
What are the prime factors of 1469335609?
7, 61, 491581
What are the prime factors of 84889288?
2, 11, 101, 9551
What are the prime factors of 727748452?
2, 181937113
What are the prime factors of 2998408617?
3, 373, 297727
What are the prime factors of 555235236?
2, 3, 1713689
What are the prime factors of 3393155096?
2, 31, 877, 15601
List the prime factors of 49796730.
2, 3, 5, 107, 5171
What are the prime factors of 58336397?
7, 349, 23879
List the prime factors of 58044785.
5, 11608957
What are the prime factors of 603959?
17, 35527
What are the prime factors of 563060049?
3, 181, 1036943
List the prime factors of 100773335.
5, 13, 1550359
List the prime factors of 81412000.
2, 5, 20353
List the prime factors of 270202550.
2, 5, 61, 88591
What are the prime factors of 5881453925?
5, 235258157
List the prime factors of 5233207758.
2, 3, 43, 20283751
List the prime factors of 594219465.
3, 5, 7, 1886411
List the prime factors of 407269613.
15107, 26959
List the prime factors of 334850795.
5, 47, 907, 1571
What are the prime factors of 20924365?
5, 7, 11, 17, 23, 139
What are the prime factors of 230940032?
2, 1804219
List the prime factors of 105028257.
3, 19, 96979
What are the prime factors of 705752069?
11, 257, 249647
What are the prime factors of 353452568?
2, 7, 73, 86461
What are the prime factors of 122948536?
2, 2539, 6053
List the prime factors of 2897366727.
3, 4079